) to base 7
241444
-762 (base 13) to base 15
-593
-5108 (base 10) to base 3
-21000012
100001102 (base 3) to base 12
399b
What is 156a (base 16) in base 8?
12552
Convert 44364 (base 9) to base 13.
10543
200022120 (base 3) to base 15
3e53
Convert -1951 (base 14) to base 6.
-33111
3331 (base 6) to base 13
478
What is 1221211 (base 3) in base 11?
1087
Convert 432413 (base 6) to base 2.
1000101011111001
1fe (base 16) to base 11
424
111010010000101 (base 2) to base 4
13102011
What is e19 (base 15) in base 5?
100144
What is -321 (base 6) in base 3?
-11111
What is -2252 (base 10) in base 7?
-6365
638 (base 15) to base 8
2573
What is 110101100 (base 2) in base 12?
2b8
What is -24503 (base 6) in base 15?
-1129
-111011110 (base 2) to base 11
-3a5
10761 (base 9) to base 2
1110000001111
What is 50400 (base 7) in base 13?
5727
What is ca5 (base 14) in base 4?
213001
12000 (base 4) to base 15
1a9
Convert 1158 (base 9) to base 4.
31133
-253 (base 12) to base 7
-1011
What is -19c6 (base 14) in base 10?
-4682
Convert 872 (base 10) to base 9.
1168
693 (base 14) to base 10
1305
Convert -400 (base 7) to base 16.
-c4
What is -2998 (base 10) in base 7?
-11512
Convert 3525 (base 10) to base 8.
6705
What is -30331 (base 4) in base 13?
-4ba
Convert 53a (base 11) to base 6.
3000
What is -b73 (base 14) in base 9?
-3077
Convert -12017 (base 13) to base 6.
-412355
What is -100 (base 16) in base 9?
-314
What is 7672 (base 9) in base 16?
1616
1440 (base 9) to base 13
65a
Convert -572 (base 8) to base 4.
-11322
-1012001 (base 3) to base 8
-1541
-15004 (base 9) to base 12
-5aaa
Convert a137 (base 11) to base 7.
54163
What is 32031102 (base 4) in base 7?
331443
4210 (base 5) to base 9
676
-101443 (base 5) to base 16
-d2d
30324 (base 6) to base 5
112022
What is -2020022002 (base 3) in base 7?
-242105
What is 5801 (base 10) in base 16?
16a9
Convert -1a8 (base 12) to base 6.
-1132
What is -15603 (base 7) in base 16?
-113d
What is -18ca (base 16) in base 3?
-22201001
Convert 321012 (base 4) to base 11.
2822
What is b2 (base 16) in base 13?
109
What is 13ed4 (base 15) in base 14?
19507
283 (base 14) to base 3
200210
-8b (base 12) to base 11
-98
What is 2be6 (base 16) in base 13?
5166
11001110100110 (base 2) to base 3
200010201
What is -24135 (base 10) in base 4?
-11321013
289 (base 15) to base 6
2403
-12015 (base 7) to base 2
-110000011011
-121202120 (base 3) to base 14
-464b
100101011 (base 2) to base 5
2144
What is 7cc (base 13) in base 16?
547
What is 854 (base 9) in base 10?
697
Convert -10202 (base 6) to base 13.
-815
Convert -980a (base 12) to base 3.
-211221001
Convert -90b4 (base 16) to base 5.
-2141134
-2344100 (base 5) to base 15
-ce00
Convert -6315 (base 10) to base 11.
-4821
What is -9633 (base 10) in base 3?
-111012210
-8080 (base 9) to base 15
-1b39
What is 318a (base 13) in base 6?
51454
Convert -11054 (base 9) to base 11.
-5572
-11555 (base 12) to base 6
-255345
-1400020 (base 5) to base 11
-1a158
What is 4489 (base 12) in base 2?
1110110101001
What is -1233 (base 7) in base 11?
-393
What is -d4d (base 15) in base 12?
-189a
Convert 3421 (base 5) to base 15.
226
Convert 1001011100 (base 2) to base 16.
25c
Convert -1001111110001 (base 2) to base 14.
-1c09
-22013 (base 4) to base 5
-10042
What is -1211110 (base 5) in base 11?
-16026
What is -1c4 (base 16) in base 12?
-318
Convert 1062 (base 10) to base 11.
886
Convert -1155 (base 7) to base 14.
-22c
-624 (base 9) to base 15
-23d
-10251 (base 9) to base 15
-2014
What is 7405 (base 9) in base 5?
133212
What is 4574 (base 9) in base 4?
310330
-113616 (base 7) to base 11
-14487
13022 (base 4) to base 6
2042
What is 3c1 (base 16) in base 8?
1701
Convert 5630 (base 8) to base 9.
4057
-bc (base 16) to base 4
-2330
Convert 101100010101010 (base 2) to base 13.
a440
-1c9 (base 13) to base 2
-101001110
-15053 (base 7) to base 15
-136e
Convert 1203 (base 5) to base 8.
262
Convert -7723 (base 12) to base 2.
-11001101001011
What is -38574 (base 12) in base 2?
-10010110000101000
What is 171 (base 12) in base 13?
148
What is -13479 (base 10) in base 14?
-4cab
102000 (base 3) to base 9
360
What is 1240 (base 6) in base 3?
102120
-7cd (base 14) to base 2
-11000010001
11012 (base 6) to base 10
1520
Convert 112112 (base 3) to base 13.
242
What is -1010000101 (base 2) in base 14?
-341
What is 6c1 (base 15) in base 6?
11031
What is 301113 (base 7) in base 11?
35203
What is 144 (base 12) in base 6?
524
Convert 1001010010 (base 2) to base 12.
416
Convert -6775 (base 15) to base 14.
-7dcb
What is -4211101 (base 5) in base 9?
-115331
101d (base 15) to base 3
11200001
What is 227 (base 8) in base 14?
ab
531 (base 12) to base 11
629
26236 (base 8) to base 14
423c
-31 (base 5) to base 4
-100
Convert 5375 (base 16) to base 8.
51565
What is 102011022 (base 3) in base 4?
1333013
Convert 7624 (base 8) to base 16.
f94
Convert 20254 (base 6) to base 16.
a8a
Convert 203255 (base 6) to base 15.
4c72
What is -2422 (base 9) in base 11?
-1399
What is -caa (base 16) in base 15?
-e62
Convert 22d (base 16) to base 5.
4212
1000101111111 (base 2) to base 11
3402
What is -305 (base 15) in base 7?
-1661
What is 2ba (base 15) in base 2?
1001110001
What is -1134535 (base 6) in base 14?
-178dd
Convert 319a2 (base 13) to base 16.
15dbd
What is 50430 (base 8) in base 3?
1001110220
-160 (base 8) to base 16
-70
What is 33321 (base 4) in base 2?
1111111001
8 (base 16) to base 14
8
Convert 11011111111 (base 2) to base 9.
2410
-10520 (base 6) to base 16
-5d0
What is 110340 (base 5) in base 16?
f05
-47d (base 14) to base 16
-37f
What is -1f97 (base 16) in base 15?
-25e2
-10421 (base 5) to base 10
-736
What is -117c9 (base 15) in base 12?
-28330
Convert 41404 (base 5) to base 7.
10646
Convert -483 (base 10) to base 15.
-223
Convert 11111010100000 (base 2) to base 10.
16032
Convert 132210 (base 4) to base 10.
1956
c3c (base 16) to base 8
6074
Convert -11000101 (base 2) to base 14.
-101
What is b8 (base 15) in base 16?
ad
24440 (base 7) to base 8
14376
Convert -2122122100 (base 3) to base 14.
-15067
2673 (base 10) to base 3
10200000
Convert 2337 (base 14) to base 8.
13755
What is 2926 (base 10) in base 12?
183a
Convert 328 (base 13) to base 11.
452
Convert -4203 (base 5) to base 6.
-2321
What is 461 (base 7) in base 16?
ef
10161 (base 8) to base 5
113314
Convert -279 (base 13) to base 14.
-234
-1203 (base 6) to base 2
-100100011
What is -36 (base 11) in base 3?
-1110
What is 17d (base 14) in base 16?
133
-34 (base 9) to base 7
-43
What is 174 (base 16) in base 10?
372
3031 (base 4) to base 12
151
Convert -17d7 (base 15) to base 8.
-12040
4170 (base 14) to base 12
6632
Convert -1340 (base 5) to base 11.
-190
6162 (base 7) to base 5
32101
What is a61 (base 12) in base 4?
113221
-254355 (base 6) to base 12
-113bb
-173c (base 14) to base 3
-12201110
-20202 (base 3) to base 9
-222
302231 (base 5) to base 6
112511
-18152 (base 9) to base 3
-122011202
What is -8942 (base 11) in base 12?
-699b
What is 969 (base 10) in base 8?
1711
What is 1638 (base 14) in base 16?
f82
-1211212 (base 3) to base 12
-942
11012022 (base 3) to base 14
1187
What is 40031 (base 6) in base 14?
1c79
Convert 35323 (base 6) to base 7.
20562
-131ec (base 15) to base 11
-41a84
What is 7fe (base 16) in base 13?
c15
Convert 2351 (base 12) to base 3.
12102021
What is 27b3 (base 13) in base 6?
42255
What is 110101 (base 2) in base 8?
65
What is 10011010011 (base 2) in base 11?
a23
Convert -50154 (base 7) to base 14.
-459b
What is -410042 (base 5) in base 2?
-11001101011011
26526 (base 12) to base 15
108b0
-13032101 (base 4) to base 14
-aad3
Convert 121023 (base 5) to base 8.
10641
Convert -141 (base 14) to base 15.
-11d
-14122 (base 5) to base 12
-80a
-133614 (base 7) to base 11
-18050
What is -2221112 (base 4) in base 9?
-15772
What is 2869 (base 14) in base 9?
10723
Convert 3bb (base 12) to base 16.
23f
2b1b (base 14) to base 9
11461
-100b (base 12) to base 14
-8c3
Convert aa8 (base 12) to base 4.
120200
What is 100234 (base 6) in base 7?
31642
Convert 105434 (base 6) to base 10.
9022
-871 (base 11) to base 14
-54a
-40016 (base 7) to base 16
-2591
-2112 (base 16) to base 11
-63a7
-10001000110100101 (base 2) to base 12
-34659
3410211 (base 5) to base 12
2a908
-533 (base 9) to base 6
-2003
What is -206 (base 16) in